 527 = 4*l - 3*l, 2*j - l = 537. What is the units digit of j?
6
Suppose 0*u = u. Suppose u = -0*v - v + 2. Suppose v*q - 1 = 81. What is the tens digit of q?
4
Suppose -4380 - 104 = -19*w. What is the hundreds digit of w?
2
Suppose -3*w + 24 = 18. Suppose -b + 222 = 5*v + w*b, -3*b + 12 = 0. What is the tens digit of v?
4
Suppose -4*k = 5*b - 4, -2*b + 3*k = -k + 4. Suppose b*x + 2*x = -5*n + 427, -3*x + 343 = 4*n. What is the tens digit of n?
8
Suppose 4*m + 9 = y, -m = -4*y - 4 - 5. Let x be (300/35)/(y/(-21)). Suppose -15*f + 16*f = x. What is the units digit of f?
0
Let w be 43/2 + (-3)/2. Let v be w/(-8) - 2/4. What is the units digit of (-56)/v - (-4)/(-6)?
8
Let o(m) = -35*m + 5. Suppose -2*k + 4*y - 12 = -6*k, 5*k + 4*y = 10. What is the tens digit of o(k)?
7
Suppose -3*q = 3*c - 1161, q - 2*c + c = 379. What is the units digit of q?
3
Let l(y) = -y**3 - 2*y + 4. Let q be l(2). Let z be 0 + q/12*-6. Suppose -z*v - 3*b = -198, 0 = 4*v + 2*b + 2*b - 200. What is the tens digit of v?
4
Let j(r) = 16*r - 10. Let q = 40 - 16. Let f = 27 - q. What is the tens digit of j(f)?
3
Let y be (-16)/6*72/(-6). What is the units digit of 432/y*32/6?
2
Suppose 0 = -41*s + 35*s + 3558. What is the units digit of s?
3
Suppose -7*g + 110 + 163 = 0. Suppose 0 = 5*z - g - 71. What is the units digit of z?
2
Suppose -3*k + 4*v = -0*v - 19, 2*k = -4*v + 26. Suppose p = k + 147. What is the hundreds digit of p?
1
Suppose 0 = -5*t + 44 - 19. What is the units digit of t?
5
Let d(i) = -i**3 - 6*i**2 - 11*i - 9. Let u be 2/2*(11 + -18). What is the units digit of d(u)?
7
Suppose -2*c = -4*n + 3*c - 69, 2*c + 27 = -n. Let q = n + 65. What is the units digit of q?
4
Let d(g) be the third derivative of -37*g**4/8 - 5*g**3/6 - 12*g**2. What is the tens digit of d(-1)?
0
Suppose 966 = 3*y + 3*y. Suppose 3*d - 2*h = 48 + y, -3*h = -15. What is the units digit of d?
3
Let x = -1204 - -2906. What is the hundreds digit of x?
7
Let p be 8*(-3)/(-18)*3 + -2. Suppose -604 = -5*n + 4*j, -j - 256 = -p*n - 3*j. What is the units digit of n?
4
Suppose 2838 = -465*m + 471*m. What is the hundreds digit of m?
4
Let m(f) = f**3 - f**2 - 6*f - 7. What is the hundreds digit of m(9)?
5
Suppose 2*u - 3*z - 7 = 0, -4*z - z - 9 = -2*u. Let f = u - 10. Let m = 22 - f. What is the tens digit of m?
3
Suppose -7 = -t - 0. Let s = -47 + t. What is the units digit of 16/s - 194/(-10)?
9
Let c(r) be the second derivative of r**5/20 - r**4/3 - 7*r**3/6 - 3*r**2 + 4*r. Let o be c(6). What is the tens digit of o/(-16) - 81/(-2)?
3
Let n be (-4)/5*(-45)/6. Suppose -5*m + 4 = -n. Suppose 0 = -5*v - 4*r + 120, 5*v - m*r - 75 = 45. What is the units digit of v?
4
Suppose 0 = -4*l - 6 + 42. Let b = 16 - l. What is the units digit of (3 - (5 + -3))*b?
7
Let n be (2 - (4 + -4))*4. Suppose 60 = -2*s + n*s. What is the tens digit of s?
1
Let s(i) = i**2 - 2. Let k be s(-2). Suppose q - 4*o = k, -q - 2*q - 4*o = -6. Suppose -q*z + 3*l - 2*l + 103 = 0, 3*z + 4*l = 127. What is the tens digit of z?
4
What is the hundreds digit of ((-36)/7)/((-2)/252)?
6
What is the hundreds digit of (294/(-5))/(45/(-150))?
1
Suppose 6*z - 7 = 11. Suppose z*s - 8 = -20. What is the units digit of (-16 - -4)*-1 + s?
8
Let m = -330 - -918. What is the tens digit of m?
8
Let s = -14372 - -20156. What is the tens digit of s?
8
Suppose -3*h = -3*d - 12, -3*h = 2*d - 6*d - 15. Let g be (-3 - (d + 2)) + 4. What is the tens digit of 79 - (g + -2) - 0?
7
Suppose 9*v - 5*v = 1564. Suppose -v - 239 = -6*f. What is the hundreds digit of f?
1
Let h(d) = -2 + 204*d**2 + 146*d**2 + 4*d - d**2 - 8*d**2. What is the units digit of h(1)?
3
Let j = 2795 + -1401. What is the thousands digit of j?
1
Suppose -5*p = -3*h + 22, -3*p - 26 = -3*h - 2*p. Suppose 10*q = h*q + 51. What is the units digit of q?
1
Suppose 7*p - 1048 = -47. What is the hundreds digit of p?
1
Suppose -3*d + 6*d + 5*a = 22, 18 = 3*d + 3*a. Suppose -6 = 3*g, 0*o - 134 = -2*o - d*g. What is the tens digit of o?
7
Suppose -2*u = -2*k, u - 3*u + k + 5 = 0. Let x = 71 - -41. Suppose u*w - x = w. What is the tens digit of w?
2
Let m(d) = -d**2 - 34*d + 71. What is the hundreds digit of m(-33)?
1
Let h(l) = 2*l**3 - 69*l**2 + 123*l - 46. What is the units digit of h(34)?
0
Let g = 14279 - 8045. What is the tens digit of g?
3
Suppose 3*m - 2*m + 29 = 0. Suppose -6*v = -15*v - 360. Let b = m - v. What is the tens digit of b?
1
Let t(s) = -22*s**3 - s**2 + 14*s + 10. What is the thousands digit of t(-4)?
1
Let y = 3643 - 2559. What is the thousands digit of y?
1
Let s = -91 - -123. Let q = 166 - s. What is the units digit of q?
4
Suppose -a + 3*a - 84 = 0. Let k = a + -25. Suppose 7*o - 45 = -k. What is the units digit of o?
4
Let x(k) be the third derivative of 5*k**4/8 - 5*k**3/6 + 2*k**2. What is the hundreds digit of x(8)?
1
Suppose 541 = x - 0*x - 2*r, -x = 5*r - 555. What is the tens digit of x?
4
Suppose -5*a + 189 = -2*t, -a + 84 = a - 5*t. Suppose 2*q + q = -3*l - 21, -4*l + 2*q = 4. Let w = a - l. What is the tens digit of w?
4
Let o be (-84 - 2)/(2 + 4 + -8). Let s = o - 30. What is the tens digit of s?
1
Suppose 5*d - 16 = d. Suppose -2*i - b + 63 = d*b, -5*b - 69 = -i. Suppose 58 = 3*h - 5*c, -5*c + i = 5*h - 66. What is the tens digit of h?
2
Suppose 15*l + 1519 = 8*l. Let x = l + 361. What is the units digit of x?
4
Suppose -n = n + d - 10, d = 0. Let k(g) = 3*g**2 + 3*g. What is the tens digit of k(n)?
9
Let k(a) = 2*a**2 + 10*a + 4. Let s be k(-5). Suppose 0 = -y - 0 + s. Suppose -y*g = 2*x - 3*g - 37, -x + 5*g = -2. What is the tens digit of x?
1
Let n(f) = -2*f**3. Let l be n(4). Let s be (-1)/(-1*(-1)/(-6)). What is the units digit of ((-6)/4)/(s/l)?
2
Let w(o) = 2*o**2 + 4*o + 6. Suppose 4*g = 4*z - z - 22, -22 = 3*g - 5*z. Let q(a) = a**2 + 5*a - 1. Let h be q(g). What is the units digit of w(h)?
6
Let h(f) = 25*f**2 - f - 196. What is the units digit of h(-9)?
8
Let o(c) = 94*c + 8 - 55*c + 8. What is the hundreds digit of o(4)?
1
Let m(g) = g**3 + 11*g**2 + 4*g + 10. Let f be m(-10). Let z = f + -43. What is the units digit of z?
7
Suppose -3*l - 38 = -2*y + 2*l, 2*y = l + 46. Suppose 8*s + 16 = -y. What is the units digit of (16 + s)*(0 - -5)?
5
Let l(k) = 86*k**2 - 282*k - 18. What is the units digit of l(-6)?
0
Let t = -22 + 26. Suppose 2*j = -t, -4*g + 9 = 4*j + 1. Suppose 8 = 4*y - g. What is the units digit of y?
3
Suppose -l + 1 = -1, 0 = 3*f + 3*l + 9. What is the tens digit of (-2)/(-5) - 178/f?
3
Suppose 0 = -5*p - 69 - 76. Let w = p - -50. What is the tens digit of w?
2
Suppose -5*c + 4055 = 5*s, -4882 = -5*s + 4*c - 818. What is the tens digit of s?
1
Suppose k + 2*d = 46, -4*k = -5*k - 3*d + 51. Let j be (-8)/k - (-1648)/(-36). Let s = -22 - j. What is the units digit of s?
4
Let z be 14 - 8 - 1/(-1). Suppose 11*n - 288 = z*n. What is the tens digit of n?
7
Suppose -4*l = -0*l - 48. What is the tens digit of (l/(-48))/(2/12)*-60?
9
Let c = 2483 - 1395. What is the units digit of c?
8
Suppose -30 = -3*f - 3*i, -3*i = 4*f - 8*i - 22. Let u(m) = 3*m**2 - 18*m + 4. Let r be u(f). Suppose -r = -3*a + 134. What is the units digit of a?
2
Suppose -4*r = -16, x - 4*r = -x - 12. Suppose p = 4*l - 1040 + 232, 2*l - x*p = 398. What is the tens digit of l?
0
What is the tens digit of (-4)/(88/(-25942)) + 4/(-22)?
7
Let n be 2/(-7) + 138/(-42)*-15. What is the units digit of 14*(1/3)/(n/126)?
2
Suppose 11*c - 51 + 18 = 0. Suppose -4*i - 16 = -3*w + c, -4*i + 7 = -w. What is the tens digit of w?
1
Let m be 148/(-18) + 5 + (-215)/45. What is the units digit of ((-14)/m)/(9/216)?
2
Let v(f) = f + 9. Let j be v(-5). Suppose j*b = -4*b + 560. What is the units digit of b?
0
Suppose g = -4*c + 7792, 12137 = 4*c - 4*g + 4345. What is the units digit of c?
8
Let a(n) be the first derivative of 2*n**3 + 3*n**2/2 + 3*n - 28. What is the units digit of a(-2)?
1
Suppose 19*d - 14*d = 1520. What is the tens digit of d?
0
Let w = 27 - 17. Suppose -132 = 8*b - w*b. What is the tens digit of b?
6
Suppose 269 = -7*f + 1095. Let s be (30/(-4))/(1/(-10)). Let w = f - s. What is the units digit of w?
3
Let o = 18 + -13. Suppose 4*x + t - 5*t - 32 = 0, -3*t - 32 = -o*x. Suppose k + 134 = 3*v, v + 5*k = x*k + 50. What is the units digit of v?
6
Suppose -27*u - 4842 = -36*u. What 